{"id":791,"date":"2022-05-06T07:11:58","date_gmt":"2022-05-06T05:11:58","guid":{"rendered":"https:\/\/blogg.hivolda.no\/roars\/?page_id=791"},"modified":"2022-05-06T07:11:58","modified_gmt":"2022-05-06T05:11:58","slug":"sjekklister-ved-oppgaveskriving","status":"publish","type":"page","link":"https:\/\/blogg.hivolda.no\/roars\/sjekklister-ved-oppgaveskriving\/","title":{"rendered":"Sjekklister ved oppg\u00e5veskriving"},"content":{"rendered":"\n<h2 class=\"wp-block-heading\">Sjekkliste tre veker f\u00f8r levering<\/h2>\n\n\n\n<p>P\u00e5 dette tidspunktet m\u00e5 du stole p\u00e5 deg sj\u00f8lv i svaret p\u00e5 desse sp\u00f8rsm\u00e5la:<\/p>\n\n\n\n<ul><li>Veit du kva konklusjonen skal bli?<\/li><li>Tilf\u00f8rer den noko til fagfeltet du skriv om? Vil den li eit bidrag? <\/li><li>Har du funn og teori som til saman dannar svar p\u00e5 forskingssp\u00f8rsm\u00e5l som st\u00f8ttar konklusjonen?<\/li><li>Har du empiri som st\u00f8ttar funna?<\/li><\/ul>\n\n\n\n<p>I s\u00e5 fall: Skriv!<\/p>\n\n\n\n<p>Om ikkje: G\u00e5 deg ein tur og tenk ut ein ny konklusjon og gjenta \u00f8vinga.<\/p>\n\n\n\n<h2 class=\"wp-block-heading\">Sjekkliste to dagar for levering:<\/h2>\n\n\n\n<ul><li>Veit du kva klokka fristen er? <\/li><li>Har du allereie levert ein versjon? Alt kan g\u00e5 galt. D\u00e5 er det fint \u00e5 ha levert ein nest siste versjon. (Det er den nyaste vi sensurerer. Dei tidlegare versjonane vert sletta.)<\/li><li>Har du svart p\u00e5 problemstillinga?<\/li><li>Har du eit bidrag? Utan eit bidrag er det vanskeleg \u00e5 snakke om kva de har funne ut p\u00e5 eksamen.<\/li><li>Heng grunnen til at du skriv oppg\u00e5va (dette st\u00e5r i innleiinga framfor problemstillinga) saman med konsekvensane av at du har skrive den (dette st\u00e5r i konklusjonen med sus tr\u00f8kk og schwung, plassert etter svaret p\u00e5 problemstillinga)<\/li><li>Er informantar som skal vere anonyme, anonyme? Ingen namn? Ingen indirekte identifisering?<\/li><li>Har du f\u00e5tt nokon til \u00e5 lese gjennom oppg\u00e5va? Idiotiske feil kan av og til vere sjarmerande. Som oftast er dei irriterande.<\/li><li>Er framsida rett? Levere p\u00e5 namn? Kun oppg\u00e5ver med namn vert publisert. Oppg\u00e5ver med vesentlege manglar vert ikkje publisert, s\u00e5 det slepp du \u00e5 vere redd for.<\/li><li>Sjekka vurderingskriteria? Sjekka formalkrava?<\/li><li>Same tittel p\u00e5 oppg\u00e5va som i Studentweb?<\/li><li>Er innhaldslista og kjeldelista oppdatert? Er forord, abstract og abstrakt p\u00e5 plass?<\/li><li>Vent med \u00e5 feire innleveringa til du har levert. Feir slik du vil &#8211; 48 timar i senga, topptur, jobbehelg, kj\u00e6rastebes\u00f8k eller p\u00e5 bordet med helane i taket og tenna i i tapeten.<\/li><\/ul>\n","protected":false},"excerpt":{"rendered":"<p>Sjekkliste tre veker f\u00f8r levering P\u00e5 dette tidspunktet m\u00e5 du stole p\u00e5 deg sj\u00f8lv i svaret p\u00e5 desse sp\u00f8rsm\u00e5la: Veit du kva konklusjonen skal bli? Tilf\u00f8rer den noko til fagfeltet du skriv om? Vil den li eit bidrag? Har du funn og teori som til saman dannar svar p\u00e5 forskingssp\u00f8rsm\u00e5l som st\u00f8ttar konklusjonen? Har du &hellip; <a href=\"https:\/\/blogg.hivolda.no\/roars\/sjekklister-ved-oppgaveskriving\/\" class=\"more-link\">Fortsett \u00e5 lese<span class=\"screen-reader-text\"> \u00abSjekklister ved oppg\u00e5veskriving\u00bb<\/span><\/a><\/p>\n","protected":false},"author":86,"featured_media":0,"parent":0,"menu_order":0,"comment_status":"closed","ping_status":"closed","template":"","meta":{"footnotes":""},"post_mailing_queue_ids":[],"_links":{"self":[{"href":"https:\/\/blogg.hivolda.no\/roars\/wp-json\/wp\/v2\/pages\/791"}],"collection":[{"href":"https:\/\/blogg.hivolda.no\/roars\/wp-json\/wp\/v2\/pages"}],"about":[{"href":"https:\/\/blogg.hivolda.no\/roars\/wp-json\/wp\/v2\/types\/page"}],"author":[{"embeddable":true,"href":"https:\/\/blogg.hivolda.no\/roars\/wp-json\/wp\/v2\/users\/86"}],"replies":[{"embeddable":true,"href":"https:\/\/blogg.hivolda.no\/roars\/wp-json\/wp\/v2\/comments?post=791"}],"version-history":[{"count":1,"href":"https:\/\/blogg.hivolda.no\/roars\/wp-json\/wp\/v2\/pages\/791\/revisions"}],"predecessor-version":[{"id":792,"href":"https:\/\/blogg.hivolda.no\/roars\/wp-json\/wp\/v2\/pages\/791\/revisions\/792"}],"wp:attachment":[{"href":"https:\/\/blogg.hivolda.no\/roars\/wp-json\/wp\/v2\/media?parent=791"}],"curies":[{"name":"wp","href":"https:\/\/api.w.org\/{rel}","templated":true}]}}