{"id":466,"date":"2018-03-15T12:04:29","date_gmt":"2018-03-15T11:04:29","guid":{"rendered":"https:\/\/blogg.hivolda.no\/roars\/?page_id=466"},"modified":"2018-03-15T14:44:28","modified_gmt":"2018-03-15T13:44:28","slug":"eksterne-prosjekt","status":"publish","type":"page","link":"https:\/\/blogg.hivolda.no\/roars\/om-meg\/eksterne-prosjekt\/","title":{"rendered":"Eksterne prosjekt"},"content":{"rendered":"<p>Barneblikk<\/p>\n<p>H\u00f8yreapparatfilm<\/p>\n<p>Sj\u00f8lvhjelpsprosjektet<\/p>\n<p>Lev eit friskare liv &#8211; p\u00e5 nett<\/p>\n<p>&nbsp;<\/p>\n","protected":false},"excerpt":{"rendered":"<p>Barneblikk H\u00f8yreapparatfilm Sj\u00f8lvhjelpsprosjektet Lev eit friskare liv &#8211; p\u00e5 nett &nbsp;<\/p>\n","protected":false},"author":86,"featured_media":0,"parent":346,"menu_order":0,"comment_status":"closed","ping_status":"closed","template":"","meta":{"footnotes":""},"post_mailing_queue_ids":[],"_links":{"self":[{"href":"https:\/\/blogg.hivolda.no\/roars\/wp-json\/wp\/v2\/pages\/466"}],"collection":[{"href":"https:\/\/blogg.hivolda.no\/roars\/wp-json\/wp\/v2\/pages"}],"about":[{"href":"https:\/\/blogg.hivolda.no\/roars\/wp-json\/wp\/v2\/types\/page"}],"author":[{"embeddable":true,"href":"https:\/\/blogg.hivolda.no\/roars\/wp-json\/wp\/v2\/users\/86"}],"replies":[{"embeddable":true,"href":"https:\/\/blogg.hivolda.no\/roars\/wp-json\/wp\/v2\/comments?post=466"}],"version-history":[{"count":1,"href":"https:\/\/blogg.hivolda.no\/roars\/wp-json\/wp\/v2\/pages\/466\/revisions"}],"predecessor-version":[{"id":467,"href":"https:\/\/blogg.hivolda.no\/roars\/wp-json\/wp\/v2\/pages\/466\/revisions\/467"}],"up":[{"embeddable":true,"href":"https:\/\/blogg.hivolda.no\/roars\/wp-json\/wp\/v2\/pages\/346"}],"wp:attachment":[{"href":"https:\/\/blogg.hivolda.no\/roars\/wp-json\/wp\/v2\/media?parent=466"}],"curies":[{"name":"wp","href":"https:\/\/api.w.org\/{rel}","templated":true}]}}