{"id":327,"date":"2017-08-08T10:09:07","date_gmt":"2017-08-08T08:09:07","guid":{"rendered":"https:\/\/blogg.hivolda.no\/roars\/?page_id=327"},"modified":"2017-08-08T12:16:34","modified_gmt":"2017-08-08T10:16:34","slug":"ein-sidar","status":"publish","type":"page","link":"https:\/\/blogg.hivolda.no\/roars\/mine-interesser\/a-skrive-oppgaver\/ein-sidar\/","title":{"rendered":"Ein-sidar"},"content":{"rendered":"<p>N\u00e5r du har lese ei kjelde eller vore p\u00e5 ei f\u00f8relesing, kan det vere ein god ide \u00e5 skrive ein s\u00e5kalla &laquo;ein-sidar&raquo; \u00e5 ta vare p\u00e5 innhald og refleksjonar.\u00a0I f\u00f8rebuingsfasen til skriving, er dermed ein-sidar eit nyttig verkty.<\/p>\n<p>I all si enkelheit er ein ein-sidar ei side med tekst om eit tema. Teksten er din respons til det du har h\u00f8yrt eller lest.<\/p>\n<p>Ein-sidaren har mange gode ting ved seg:<\/p>\n<ul>\n<li>I det du skriv den, omformar du tankane fr\u00e5 forfattaren\/f\u00f8relesaren sine til dine eigne.<\/li>\n<li>Skrivinga fungerer som repetisjon og dermed l\u00e6rer du meir.<\/li>\n<li>Du kan ta den fram for \u00e5 f\u00e5 eit enkelt oversyn over innhaldet.<\/li>\n<li>Du har byrja prosessen med \u00e5 forme stoffet til ditt eige, slik at bruk i t.d. oppg\u00e5ver vert enklare.<\/li>\n<li>Den er lett \u00e5 dele med andre.<\/li>\n<li>&#8230;<\/li>\n<\/ul>\n<p>Einsidaren kan ha mange ulike former og ha mange ulike element. Fr\u00e5 ein samanhengande tekst til ein multi-modal tekst med video, illustrasjonar, animasjonar og tekstbokser. Bruk det du treng for \u00e5 strukturere tankane dine.<\/p>\n<p>Det er ofte lurt \u00e5 ha to hovudtypar element i ein-sidaren: referat og refleksjon. P\u00e5 den m\u00e5ten koplar einsidaren innhaldet til tankane du fekk medan du las\/h\u00f8yrde p\u00e5.<\/p>\n<p>Inngangar til \u00e5 skrive ein-sidaren kan til d\u00f8mes vere:<\/p>\n<ul>\n<li>Finn eit sitat eller tre, og skriv tankane dine rundt desse.<\/li>\n<li>Finn ein illustrasjon og bygg refleksjonane dine rundt den. Illustrasjonen kan vere alt fr\u00e5 ein figur i teksten\/f\u00f8relesinga til ein video du har f\u00e5tt p\u00e5 Snap.<\/li>\n<li>Ta tak i ei kjensle du fekk n\u00e5r du las\/h\u00f8yrde p\u00e5, og forklar kvifor du fekk denne.<\/li>\n<li>Sp\u00f8r eit sp\u00f8rsm\u00e5l eller tre, og svar p\u00e5 det\/dei.<\/li>\n<li>&#8230;<\/li>\n<\/ul>\n<p>Det du ikkje b\u00f8r gjere:<\/p>\n<ul>\n<li>Lage eit samandrag, for d\u00e5 l\u00e6rer du lite.<\/li>\n<li>Ikkje gi deg etter ei halv side, eller skriv fire. D\u00e5 l\u00e6rer du lite. (Om du M\u00c5 skrive meir enn ei side &#8211; del opp det du skriv, slik at det vert fleire ein-sidarar. T.d. ein per kapittel el.l.)<\/li>\n<li>Ikkje bruk mal (i alle fall ikkje f\u00f8r du har utforma og rutinisert din eigen m\u00e5te \u00e5 gjere det p\u00e5).<\/li>\n<\/ul>\n<p>Det du b\u00f8r gjere:<\/p>\n<ul>\n<li>Skriv namnet ditt<\/li>\n<li>Oppgi referanse til det du har lese eller h\u00f8yrt p\u00e5.<\/li>\n<li>For kvar av dei to til fire viktigaste elementa i teksten\/f\u00f8relesinga: Skriv eit kort avsnitt som oppsummerer innhaldet.<\/li>\n<li>For kvart av avsnitta som oppsummerer innhaldet, skriv ut tankane dine. Det kan vere ting du ikkje forstod, ting du ikkje likte, ting du likte, konsekvensar du s\u00e5g osb. Det viktige er at du tenkjer og koplar innhaldet til det du kan fr\u00e5 f\u00f8r.<\/li>\n<li>Samle ein-sidarane dine ein stad, i ei mappe p\u00e5 datamaskina, i ein perm, eller i notatverkyet ditt p\u00e5 datamaskina. Om du skriv dei for hand, kan det \u00e5 ta bilete av dei og lagre dei i skya vere ein god ide. D\u00e5 har du dei p\u00e5 mobilen om du skal dele ei med andre.<\/li>\n<\/ul>\n","protected":false},"excerpt":{"rendered":"<p>N\u00e5r du har lese ei kjelde eller vore p\u00e5 ei f\u00f8relesing, kan det vere ein god ide \u00e5 skrive ein s\u00e5kalla &laquo;ein-sidar&raquo; \u00e5 ta vare p\u00e5 innhald og refleksjonar.\u00a0I f\u00f8rebuingsfasen til skriving, er dermed ein-sidar eit nyttig verkty. I all si enkelheit er ein ein-sidar ei side med tekst om eit tema. Teksten er din &hellip; <a href=\"https:\/\/blogg.hivolda.no\/roars\/mine-interesser\/a-skrive-oppgaver\/ein-sidar\/\" class=\"more-link\">Fortsett \u00e5 lese<span class=\"screen-reader-text\"> \u00abEin-sidar\u00bb<\/span><\/a><\/p>\n","protected":false},"author":86,"featured_media":0,"parent":311,"menu_order":0,"comment_status":"closed","ping_status":"closed","template":"","meta":{"footnotes":""},"post_mailing_queue_ids":[],"_links":{"self":[{"href":"https:\/\/blogg.hivolda.no\/roars\/wp-json\/wp\/v2\/pages\/327"}],"collection":[{"href":"https:\/\/blogg.hivolda.no\/roars\/wp-json\/wp\/v2\/pages"}],"about":[{"href":"https:\/\/blogg.hivolda.no\/roars\/wp-json\/wp\/v2\/types\/page"}],"author":[{"embeddable":true,"href":"https:\/\/blogg.hivolda.no\/roars\/wp-json\/wp\/v2\/users\/86"}],"replies":[{"embeddable":true,"href":"https:\/\/blogg.hivolda.no\/roars\/wp-json\/wp\/v2\/comments?post=327"}],"version-history":[{"count":4,"href":"https:\/\/blogg.hivolda.no\/roars\/wp-json\/wp\/v2\/pages\/327\/revisions"}],"predecessor-version":[{"id":333,"href":"https:\/\/blogg.hivolda.no\/roars\/wp-json\/wp\/v2\/pages\/327\/revisions\/333"}],"up":[{"embeddable":true,"href":"https:\/\/blogg.hivolda.no\/roars\/wp-json\/wp\/v2\/pages\/311"}],"wp:attachment":[{"href":"https:\/\/blogg.hivolda.no\/roars\/wp-json\/wp\/v2\/media?parent=327"}],"curies":[{"name":"wp","href":"https:\/\/api.w.org\/{rel}","templated":true}]}}