{"id":3233,"date":"2021-10-29T15:02:42","date_gmt":"2021-10-29T13:02:42","guid":{"rendered":"http:\/\/blogg.hivolda.no\/jr\/?page_id=3233"},"modified":"2021-10-29T15:35:43","modified_gmt":"2021-10-29T13:35:43","slug":"helsing-fra-gunnar-strom-opningsmarkering-av-sivert-aarflot-huset","status":"publish","type":"page","link":"https:\/\/blogg.hivolda.no\/jr\/helsing-fra-gunnar-strom-opningsmarkering-av-sivert-aarflot-huset\/","title":{"rendered":"Helsing fr\u00e5 Gunnar Str\u00f8m opningsmarkering av Sivert Aarflot-huset"},"content":{"rendered":"\n<figure class=\"wp-block-image size-large\"><a href=\"https:\/\/blogg.hivolda.no\/jr\/wp-content\/uploads\/sites\/68\/2021\/10\/Gunnar-Strom.jpg\"><img loading=\"lazy\" decoding=\"async\" width=\"689\" height=\"1024\" src=\"https:\/\/blogg.hivolda.no\/jr\/wp-content\/uploads\/sites\/68\/2021\/10\/Gunnar-Strom-689x1024.jpg\" alt=\"\" class=\"wp-image-3234\" srcset=\"https:\/\/blogg.hivolda.no\/jr\/wp-content\/uploads\/sites\/68\/2021\/10\/Gunnar-Strom-689x1024.jpg 689w, https:\/\/blogg.hivolda.no\/jr\/wp-content\/uploads\/sites\/68\/2021\/10\/Gunnar-Strom-202x300.jpg 202w, https:\/\/blogg.hivolda.no\/jr\/wp-content\/uploads\/sites\/68\/2021\/10\/Gunnar-Strom-768x1141.jpg 768w, https:\/\/blogg.hivolda.no\/jr\/wp-content\/uploads\/sites\/68\/2021\/10\/Gunnar-Strom-1034x1536.jpg 1034w, https:\/\/blogg.hivolda.no\/jr\/wp-content\/uploads\/sites\/68\/2021\/10\/Gunnar-Strom.jpg 1146w\" sizes=\"(max-width: 689px) 100vw, 689px\" \/><\/a><figcaption>Gunnar Str\u00f8m, ca 1990.<\/figcaption><\/figure>\n\n\n\n<p>Gode kollegaer,<\/p>\n\n\n\n<p>Takk til Hans Martin for ein flott gjennomgang av historia til medielina i Volda. Vi har mykje \u00e5 vere stolte av. Og med nytt hus, ligg det til rette for at vi vil halde posisjonen som den breiaste og leiande medieutdanninga i landet i mange \u00e5r framover.<\/p>\n\n\n\n<p>Eg kom til Volda i 1984. Den hausten opna vi Hans Str\u00f8m-huset. Kringkastingssjef Bjartmar Gjerde opna huset. Vi hadde eigentleg berre ein radio- og ein tv-kanal den gongen. Nokre lokale n\u00e6rradioar hadde f\u00e5tt konsesjon. Dei f\u00f8rste lokale tv-stasjonane var ogs\u00e5 i si spede startfase. Men det var NRK som gjaldt. \u00d8vingsradioen ved gamle MRDH var den f\u00f8rste lokale radiostasjonen som fekk permanent l\u00f8yve til \u00e5 sende radio tidleg p\u00e5 1970-talet. Saka m\u00e5tte heilt inn til Stortinget f\u00f8r l\u00f8yvet var i boks. Ordet n\u00e6rradio vart brukt f\u00f8rste gongen her i Volda. TV-studioet i kjellaren p\u00e5 Hans Str\u00f8m-huset opna for lokale TV-sendingar. Vi fekk ikkje same gjennomslag for nemninga n\u00e6rsyn. Men N\u00e6rsynet Volda har levd godt 37 \u00e5r.<\/p>\n\n\n\n<figure class=\"wp-block-image size-large\"><a href=\"https:\/\/blogg.hivolda.no\/jr\/wp-content\/uploads\/sites\/68\/2021\/10\/IMG_20120309_093230.jpg\"><img loading=\"lazy\" decoding=\"async\" width=\"1024\" height=\"768\" src=\"https:\/\/blogg.hivolda.no\/jr\/wp-content\/uploads\/sites\/68\/2021\/10\/IMG_20120309_093230-1024x768.jpg\" alt=\"\" class=\"wp-image-3237\" srcset=\"https:\/\/blogg.hivolda.no\/jr\/wp-content\/uploads\/sites\/68\/2021\/10\/IMG_20120309_093230-1024x768.jpg 1024w, https:\/\/blogg.hivolda.no\/jr\/wp-content\/uploads\/sites\/68\/2021\/10\/IMG_20120309_093230-300x225.jpg 300w, https:\/\/blogg.hivolda.no\/jr\/wp-content\/uploads\/sites\/68\/2021\/10\/IMG_20120309_093230-768x576.jpg 768w, https:\/\/blogg.hivolda.no\/jr\/wp-content\/uploads\/sites\/68\/2021\/10\/IMG_20120309_093230-1536x1152.jpg 1536w, https:\/\/blogg.hivolda.no\/jr\/wp-content\/uploads\/sites\/68\/2021\/10\/IMG_20120309_093230-2048x1536.jpg 2048w\" sizes=\"(max-width: 1024px) 100vw, 1024px\" \/><\/a><figcaption>N\u00e6rsynet &#8211; ogs\u00e5 p\u00e5 Volda Stadion.<\/figcaption><\/figure>\n\n\n\n<p>Gjennom 50 \u00e5r har studentar i Volda dokumentert lokalsamfunnet Volda gjennom N\u00e6ravisa, Radio Volda, dusinvis av filmar p\u00e5 16 millimeter, N\u00e6rsynet og N\u00e6rnett. Eg trur neppe at det finst eit lokalsamfunn som er s\u00e5 gjennomdokumentert som Volda. Om ikkje alt, s\u00e5 finst framleis det meste av desse medieprodukta. Stein-Christian og eg har arbeidd i 2 \u00e5r med \u00e5 registrere og sortere dette materialet. Her ligg mykje av historia til b\u00e5de medieutdanninga og Voldasamfunnet.<\/p>\n\n\n\n<p>Ein viktig grunn til at medieutdanninga i Volda har lykkast, er at ein heile tida har v\u00e6rt opptatt av at studentane skal arbeide praktis, p\u00e5 moderne utstyr og slik kunne g\u00e5 rett inn i vaktplaner i ulike redaksjonar. For at ikkje studentane skulle bli nytta som billeg arbeidskraft, vart det avtalt med bransjen at dei skulle f\u00e5 halv l\u00f8n i praksisperioden. Det gamle utstyret er sj\u00f8lvsagt utdatert i dag, men vi har tatt vare p\u00e5 mykje og det er ogs\u00e5 ein viktig del av historia v\u00e5r.<\/p>\n\n\n\n<p>Eg snakka med tidlegare dekan Sverre Liest\u00f8l i dag. Eg vil avslutte med denne helsinga fr\u00e5 Sverre:<\/p>\n\n\n\n<p>\u00abJeg var stolt av \u00e5 v\u00e6re dekan for Norges st\u00f8rste, fremste, beste, viktigste og rimeligste profesjonsretta medieutdanning. H\u00e5per mine etterf\u00f8lgere kan si det samme. Lykke til med nytt mediehus. Hilsen Sverre.\u00bb<\/p>\n\n\n\n<figure class=\"wp-block-image size-large\"><a href=\"https:\/\/blogg.hivolda.no\/jr\/wp-content\/uploads\/sites\/68\/2021\/10\/Liestol-1990.jpg\"><img loading=\"lazy\" decoding=\"async\" width=\"689\" height=\"1024\" src=\"https:\/\/blogg.hivolda.no\/jr\/wp-content\/uploads\/sites\/68\/2021\/10\/Liestol-1990-689x1024.jpg\" alt=\"\" class=\"wp-image-3245\" srcset=\"https:\/\/blogg.hivolda.no\/jr\/wp-content\/uploads\/sites\/68\/2021\/10\/Liestol-1990-689x1024.jpg 689w, https:\/\/blogg.hivolda.no\/jr\/wp-content\/uploads\/sites\/68\/2021\/10\/Liestol-1990-202x300.jpg 202w, https:\/\/blogg.hivolda.no\/jr\/wp-content\/uploads\/sites\/68\/2021\/10\/Liestol-1990-768x1141.jpg 768w, https:\/\/blogg.hivolda.no\/jr\/wp-content\/uploads\/sites\/68\/2021\/10\/Liestol-1990-1034x1536.jpg 1034w, https:\/\/blogg.hivolda.no\/jr\/wp-content\/uploads\/sites\/68\/2021\/10\/Liestol-1990.jpg 1146w\" sizes=\"(max-width: 689px) 100vw, 689px\" \/><\/a><figcaption>Tidlegare AMF-dekan Sverre Liest\u00f8l, ca. 1990. <\/figcaption><\/figure>\n","protected":false},"excerpt":{"rendered":"<p>Gode kollegaer, Takk til Hans Martin for ein flott gjennomgang av historia til medielina i Volda. Vi har mykje \u00e5 vere stolte av. Og med nytt hus, ligg det til rette for at vi vil halde posisjonen som den breiaste og leiande medieutdanninga i landet i mange \u00e5r framover. Eg kom til Volda i 1984. &hellip; <a href=\"https:\/\/blogg.hivolda.no\/jr\/helsing-fra-gunnar-strom-opningsmarkering-av-sivert-aarflot-huset\/\" class=\"more-link\">Fortsett \u00e5 lese <span class=\"screen-reader-text\">Helsing fr\u00e5 Gunnar Str\u00f8m opningsmarkering av Sivert Aarflot-huset<\/span><\/a><\/p>\n","protected":false},"author":13,"featured_media":0,"parent":0,"menu_order":0,"comment_status":"closed","ping_status":"closed","template":"","meta":{"footnotes":""},"post_mailing_queue_ids":[],"_links":{"self":[{"href":"https:\/\/blogg.hivolda.no\/jr\/wp-json\/wp\/v2\/pages\/3233"}],"collection":[{"href":"https:\/\/blogg.hivolda.no\/jr\/wp-json\/wp\/v2\/pages"}],"about":[{"href":"https:\/\/blogg.hivolda.no\/jr\/wp-json\/wp\/v2\/types\/page"}],"author":[{"embeddable":true,"href":"https:\/\/blogg.hivolda.no\/jr\/wp-json\/wp\/v2\/users\/13"}],"replies":[{"embeddable":true,"href":"https:\/\/blogg.hivolda.no\/jr\/wp-json\/wp\/v2\/comments?post=3233"}],"version-history":[{"count":4,"href":"https:\/\/blogg.hivolda.no\/jr\/wp-json\/wp\/v2\/pages\/3233\/revisions"}],"predecessor-version":[{"id":3246,"href":"https:\/\/blogg.hivolda.no\/jr\/wp-json\/wp\/v2\/pages\/3233\/revisions\/3246"}],"wp:attachment":[{"href":"https:\/\/blogg.hivolda.no\/jr\/wp-json\/wp\/v2\/media?parent=3233"}],"curies":[{"name":"wp","href":"https:\/\/api.w.org\/{rel}","templated":true}]}}

Helsing frå Gunnar Strøm opningsmarkering av Sivert Aarflot-huset

<figure class="wp-block-image size-large"><a href="https://blogg.hivolda.no/jr/wp-content/uploads/sites/68/2021/10/Gunnar-Strom.jpg"><img loading="lazy" decoding="async" width="689" height="1024" src="https://blogg.hivolda.no/jr/wp-content/uploads/sites/68/2021/10/Gunnar-Strom-689x1024.jpg" alt="" class="wp-image-3234" srcset="https://blogg.hivolda.no/jr/wp-content/uploads/sites/68/2021/10/Gunnar-Strom-689x1024.jpg 689w, https://blogg.hivolda.no/jr/wp-content/uploads/sites/68/2021/10/Gunnar-Strom-202x300.jpg 202w, https://blogg.hivolda.no/jr/wp-content/uploads/sites/68/2021/10/Gunnar-Strom-768x1141.jpg 768w, https://blogg.hivolda.no/jr/wp-content/uploads/sites/68/2021/10/Gunnar-Strom-1034x1536.jpg 1034w, https://blogg.hivolda.no/jr/wp-content/uploads/sites/68/2021/10/Gunnar-Strom.jpg 1146w" sizes="(max-width: 689px) 100vw, 689px" /></a><figcaption>Gunnar Strøm, ca 1990.</figcaption></figure>



<p>Gode kollegaer,</p>



<p>Takk til Hans Martin for ein flott gjennomgang av historia til medielina i Volda. Vi har mykje å vere stolte av. Og med nytt hus, ligg det til rette for at vi vil halde posisjonen som den breiaste og leiande medieutdanninga i landet i mange år framover.</p>



<p>Eg kom til Volda i 1984. Den hausten opna vi Hans Strøm-huset. Kringkastingssjef Bjartmar Gjerde opna huset. Vi hadde eigentleg berre ein radio- og ein tv-kanal den gongen. Nokre lokale nærradioar hadde fått konsesjon. Dei første lokale tv-stasjonane var også i si spede startfase. Men det var NRK som gjaldt. Øvingsradioen ved gamle MRDH var den første lokale radiostasjonen som fekk permanent løyve til å sende radio tidleg på 1970-talet. Saka måtte heilt inn til Stortinget før løyvet var i boks. Ordet nærradio vart brukt første gongen her i Volda. TV-studioet i kjellaren på Hans Strøm-huset opna for lokale TV-sendingar. Vi fekk ikkje same gjennomslag for nemninga nærsyn. Men Nærsynet Volda har levd godt 37 år.</p>



<figure class="wp-block-image size-large"><a href="https://blogg.hivolda.no/jr/wp-content/uploads/sites/68/2021/10/IMG_20120309_093230.jpg"><img loading="lazy" decoding="async" width="1024" height="768" src="https://blogg.hivolda.no/jr/wp-content/uploads/sites/68/2021/10/IMG_20120309_093230-1024x768.jpg" alt="" class="wp-image-3237" srcset="https://blogg.hivolda.no/jr/wp-content/uploads/sites/68/2021/10/IMG_20120309_093230-1024x768.jpg 1024w, https://blogg.hivolda.no/jr/wp-content/uploads/sites/68/2021/10/IMG_20120309_093230-300x225.jpg 300w, https://blogg.hivolda.no/jr/wp-content/uploads/sites/68/2021/10/IMG_20120309_093230-768x576.jpg 768w, https://blogg.hivolda.no/jr/wp-content/uploads/sites/68/2021/10/IMG_20120309_093230-1536x1152.jpg 1536w, https://blogg.hivolda.no/jr/wp-content/uploads/sites/68/2021/10/IMG_20120309_093230-2048x1536.jpg 2048w" sizes="(max-width: 1024px) 100vw, 1024px" /></a><figcaption>Nærsynet &#8211; også på Volda Stadion.</figcaption></figure>



<p>Gjennom 50 år har studentar i Volda dokumentert lokalsamfunnet Volda gjennom Næravisa, Radio Volda, dusinvis av filmar på 16 millimeter, Nærsynet og Nærnett. Eg trur neppe at det finst eit lokalsamfunn som er så gjennomdokumentert som Volda. Om ikkje alt, så finst framleis det meste av desse medieprodukta. Stein-Christian og eg har arbeidd i 2 år med å registrere og sortere dette materialet. Her ligg mykje av historia til både medieutdanninga og Voldasamfunnet.</p>



<p>Ein viktig grunn til at medieutdanninga i Volda har lykkast, er at ein heile tida har vært opptatt av at studentane skal arbeide praktis, på moderne utstyr og slik kunne gå rett inn i vaktplaner i ulike redaksjonar. For at ikkje studentane skulle bli nytta som billeg arbeidskraft, vart det avtalt med bransjen at dei skulle få halv løn i praksisperioden. Det gamle utstyret er sjølvsagt utdatert i dag, men vi har tatt vare på mykje og det er også ein viktig del av historia vår.</p>



<p>Eg snakka med tidlegare dekan Sverre Liestøl i dag. Eg vil avslutte med denne helsinga frå Sverre:</p>



<p>«Jeg var stolt av å være dekan for Norges største, fremste, beste, viktigste og rimeligste profesjonsretta medieutdanning. Håper mine etterfølgere kan si det samme. Lykke til med nytt mediehus. Hilsen Sverre.»</p>



<figure class="wp-block-image size-large"><a href="https://blogg.hivolda.no/jr/wp-content/uploads/sites/68/2021/10/Liestol-1990.jpg"><img loading="lazy" decoding="async" width="689" height="1024" src="https://blogg.hivolda.no/jr/wp-content/uploads/sites/68/2021/10/Liestol-1990-689x1024.jpg" alt="" class="wp-image-3245" srcset="https://blogg.hivolda.no/jr/wp-content/uploads/sites/68/2021/10/Liestol-1990-689x1024.jpg 689w, https://blogg.hivolda.no/jr/wp-content/uploads/sites/68/2021/10/Liestol-1990-202x300.jpg 202w, https://blogg.hivolda.no/jr/wp-content/uploads/sites/68/2021/10/Liestol-1990-768x1141.jpg 768w, https://blogg.hivolda.no/jr/wp-content/uploads/sites/68/2021/10/Liestol-1990-1034x1536.jpg 1034w, https://blogg.hivolda.no/jr/wp-content/uploads/sites/68/2021/10/Liestol-1990.jpg 1146w" sizes="(max-width: 689px) 100vw, 689px" /></a><figcaption>Tidlegare AMF-dekan Sverre Liestøl, ca. 1990. </figcaption></figure>

<p>Gode kollegaer, Takk til Hans Martin for ein flott gjennomgang av historia til medielina i Volda. Vi har mykje å vere stolte av. Og med nytt hus, ligg det til rette for at vi vil halde posisjonen som den breiaste og leiande medieutdanninga i landet i mange år framover. Eg kom til Volda i 1984. &hellip; <a href="https://blogg.hivolda.no/jr/helsing-fra-gunnar-strom-opningsmarkering-av-sivert-aarflot-huset/" class="more-link">Fortsett å lese <span class="screen-reader-text">Helsing frå Gunnar Strøm opningsmarkering av Sivert Aarflot-huset</span></a></p>
