{"id":632,"date":"2020-02-19T12:49:23","date_gmt":"2020-02-19T11:49:23","guid":{"rendered":"https:\/\/blogg.hivolda.no\/fogtps\/?page_id=632"},"modified":"2020-03-13T11:27:02","modified_gmt":"2020-03-13T10:27:02","slug":"tekster-i-prosess-2020-mars","status":"publish","type":"page","link":"https:\/\/blogg.hivolda.no\/fogtps\/eigne-samlingar\/tekster-i-prosess-2020-mars\/","title":{"rendered":"Tekster i prosess 2020: Mars"},"content":{"rendered":"\n<div class=\"wp-block-image\"><figure class=\"alignright size-medium\"><img loading=\"lazy\" decoding=\"async\" width=\"244\" height=\"300\" src=\"https:\/\/blogg.hivolda.no\/fogtps\/wp-content\/uploads\/sites\/110\/2020\/02\/IMG_6162-244x300.jpeg\" alt=\"\" class=\"wp-image-646\" srcset=\"https:\/\/blogg.hivolda.no\/fogtps\/wp-content\/uploads\/sites\/110\/2020\/02\/IMG_6162-244x300.jpeg 244w, https:\/\/blogg.hivolda.no\/fogtps\/wp-content\/uploads\/sites\/110\/2020\/02\/IMG_6162-832x1024.jpeg 832w, https:\/\/blogg.hivolda.no\/fogtps\/wp-content\/uploads\/sites\/110\/2020\/02\/IMG_6162-768x946.jpeg 768w, https:\/\/blogg.hivolda.no\/fogtps\/wp-content\/uploads\/sites\/110\/2020\/02\/IMG_6162-1247x1536.jpeg 1247w, https:\/\/blogg.hivolda.no\/fogtps\/wp-content\/uploads\/sites\/110\/2020\/02\/IMG_6162-1663x2048.jpeg 1663w\" sizes=\"(max-width: 244px) 100vw, 244px\" \/><figcaption>Treng du hjelp til \u00e5 kome ut av ei tekst-klemme? Det \u00e5 dele idear i forskingsgruppa er ofte til god hjelp. <\/figcaption><\/figure><\/div>\n\n\n\n<p><strong>AVLYST GRUNNA KORONA<\/strong><\/p>\n\n\n\n<p><strong>Vi gjentek suksessen, og arrangerer \u00abTekster i prosess\u00bb igjen.\u00a0<\/strong><\/p>\n\n\n\n<p>Samlingane er ein stad der du kan presentere og f\u00e5 respons p\u00e5 eit skriftleg arbeid. Dette strekkjer seg fr\u00e5 presentasjon av ein forskingside, via respons p\u00e5 teoretiske vinklar og analysestrategi til paper som snart er ferdige.<\/p>\n\n\n\n<p><strong>Tid:<\/strong>&nbsp;M\u00e5ndag 16. mars 2019 kl. 09.30 \u2013 ca 15.15<br><strong>Stad:<\/strong>&nbsp;<a href=\"https:\/\/www.google.com\/maps\/place\/Breivikvegen+5,+6018+\u00c5lesund\/@62.4659919,6.3399171,15z\/data=!4m5!3m4!1s0x4616c50a161c8f1d:0x30ddf8acd6a2a370!8m2!3d62.4659398!4d6.344772\">Brisk kompetansesenter<\/a><br><strong>Kostnad:<\/strong>&nbsp;Inga deltakaravgift. Enkel lunsj inkludert.&nbsp;Reise m\u00e5 dekkast av eigen institusjon<br><strong>Format:<\/strong>&nbsp;Kvar tekst f\u00e5r 30 minutt. (15-20 til presentasjon, 10-15 minutt til diskusjon)&nbsp;Presentasjon gir grunnlag for registrering i Cristin.<br><strong>P\u00e5melding:<\/strong>&nbsp;Send ein e-post til&nbsp;<a href=\"mailto:roars@hivolda.no\">roar.stokken@hivolda.no<\/a><br><strong>Frist:<\/strong>&nbsp;13.mars kl 1200 for p\u00e5melding og abstrakt\/paper. Grunnen til kl 1200 er at vi m\u00e5 bestille mat.<br><strong>Program:<\/strong>&nbsp;<a href=\"https:\/\/blogg.hivolda.no\/fogtps\/program-tekster-i-prosess-16-3-2019\/\">Programmet ligg her \u2013 og vil bli l\u00f8pande oppdatert<\/a><br><strong>Abstrakt<\/strong>:&nbsp;<a href=\"https:\/\/blogg.hivolda.no\/fogtps\/eigne-samlingar\/tekster-i-prosess-2020-mars\/abstrakt-tekster-i-prosess-16-3-2020\/\">Abstrakta ligg her \u2013 og vil bli l\u00f8pande oppdatert<\/a><br><strong>Sp\u00f8rsm\u00e5l:&nbsp;<\/strong>Roar Stokken p\u00e5 enten 45240204 eller&nbsp;<a href=\"mailto:roars@hivolda.no\">roar.stokken@hivolda.no<\/a><br><em>PS: Det er heilt greit \u00e5 ringe i ordin\u00e6r forskingstid \u2013 alts\u00e5 kveld og helg<\/em><\/p>\n","protected":false},"excerpt":{"rendered":"<p>AVLYST GRUNNA KORONA Vi gjentek suksessen, og arrangerer \u00abTekster i prosess\u00bb igjen.\u00a0 Samlingane er ein stad der du kan presentere og f\u00e5 respons p\u00e5 eit skriftleg arbeid. Dette strekkjer seg fr\u00e5 presentasjon av ein forskingside, via respons p\u00e5 teoretiske vinklar og analysestrategi til paper som snart er ferdige. Tid:&nbsp;M\u00e5ndag 16. mars 2019 kl. 09.30 \u2013 &hellip; <\/p>\n<p class=\"link-more\"><a href=\"https:\/\/blogg.hivolda.no\/fogtps\/eigne-samlingar\/tekster-i-prosess-2020-mars\/\" class=\"more-link\">Fortsett \u00e5 lese<span class=\"screen-reader-text\"> \u00abTekster i prosess 2020: Mars\u00bb<\/span><\/a><\/p>\n","protected":false},"author":86,"featured_media":0,"parent":15,"menu_order":0,"comment_status":"closed","ping_status":"closed","template":"","meta":{"footnotes":""},"post_mailing_queue_ids":[],"_links":{"self":[{"href":"https:\/\/blogg.hivolda.no\/fogtps\/wp-json\/wp\/v2\/pages\/632"}],"collection":[{"href":"https:\/\/blogg.hivolda.no\/fogtps\/wp-json\/wp\/v2\/pages"}],"about":[{"href":"https:\/\/blogg.hivolda.no\/fogtps\/wp-json\/wp\/v2\/types\/page"}],"author":[{"embeddable":true,"href":"https:\/\/blogg.hivolda.no\/fogtps\/wp-json\/wp\/v2\/users\/86"}],"replies":[{"embeddable":true,"href":"https:\/\/blogg.hivolda.no\/fogtps\/wp-json\/wp\/v2\/comments?post=632"}],"version-history":[{"count":10,"href":"https:\/\/blogg.hivolda.no\/fogtps\/wp-json\/wp\/v2\/pages\/632\/revisions"}],"predecessor-version":[{"id":675,"href":"https:\/\/blogg.hivolda.no\/fogtps\/wp-json\/wp\/v2\/pages\/632\/revisions\/675"}],"up":[{"embeddable":true,"href":"https:\/\/blogg.hivolda.no\/fogtps\/wp-json\/wp\/v2\/pages\/15"}],"wp:attachment":[{"href":"https:\/\/blogg.hivolda.no\/fogtps\/wp-json\/wp\/v2\/media?parent=632"}],"curies":[{"name":"wp","href":"https:\/\/api.w.org\/{rel}","templated":true}]}}