{"id":15,"date":"2017-02-17T09:37:44","date_gmt":"2017-02-17T08:37:44","guid":{"rendered":"https:\/\/blogg.hivolda.no\/fogtps\/?page_id=15"},"modified":"2022-03-07T13:13:06","modified_gmt":"2022-03-07T12:13:06","slug":"eigne-samlingar","status":"publish","type":"page","link":"https:\/\/blogg.hivolda.no\/fogtps\/eigne-samlingar\/","title":{"rendered":"V\u00e5re seminar"},"content":{"rendered":"<h3>Komande samlingar:<\/h3>\n<ul>\n<li><a href=\"https:\/\/blogg.hivolda.no\/fogtps\/skriveseminar-2-3-juni-2022\/\">2.-3. juni 2022: Skriveseminar, truleg i \u00c5lesundsomr\u00e5det<\/a>.<\/li>\n<\/ul>\n<h3>Gjennomf\u00f8rte samlingar<\/h3>\n<ul>\n<li><a href=\"https:\/\/blogg.hivolda.no\/fogtps\/skriveseminar-27-28-5-2021\/\">27-28\/5 2021: Skriveseminar, \u00c5lesund<\/a><\/li>\n<li>16\/3 2020: <a href=\"https:\/\/blogg.hivolda.no\/fogtps\/eigne-samlingar\/tekster-i-prosess-2020-mars\/\">Abstraktseminar: Samarbeid i kommunen &#8211; Korona-avlyst<\/a><\/li>\n<li>4-5\/6 2020: Tekster i prosess &#8211; paper til Fjordkonferansen- Korona-avlyst<\/li>\n<li><a href=\"https:\/\/blogg.hivolda.no\/fogtps\/eigne-samlingar\/neon-2019-sesjon-3b-og-4b\/\">28\/11 2019: NEON2019 &#8211; Samarbeid i kommunen<\/a><\/li>\n<li><a href=\"https:\/\/blogg.hivolda.no\/fogtps\/eigne-samlingar\/seminar-24-25-10-2019\/\">24-25\/10 2019: Skriveseminar<\/a><\/li>\n<li><a href=\"https:\/\/blogg.hivolda.no\/fogtps\/12-3-2019-tekster-i-prosess\/\">12\/3 2019: Tekster i prosess<\/a><\/li>\n<li><a href=\"https:\/\/blogg.hivolda.no\/fogtps\/2018\/08\/14\/invitasjon-til-medforskingsseminar\/\">24\/9 2018: Fagdag: Brukarinvolvering i forsking<\/a><\/li>\n<li><a href=\"https:\/\/blogg.hivolda.no\/fogtps\/2018\/08\/24\/sakornsamling\/\">16\/11 2018: S\u00e5kornsamling: Idear til forskingsprosjekt<\/a><\/li>\n<li><a href=\"https:\/\/blogg.hivolda.no\/fogtps\/2018\/02\/22\/invitasjon-til-tekster-i-prosess-april-2018\/\">12\/4 2018: Tekster i prosess &#8211; Paper til Fjordkonferansen &#8211; \u00c5lesund<\/a><\/li>\n<li><a href=\"https:\/\/blogg.hivolda.no\/fogtps\/2018\/01\/14\/invitasjon-til-samling\/\">8\/2 2018: Tekster i prosess &#8211; Idear til Fjordkonferansen &#8211; \u00c5lesund<\/a><\/li>\n<li><a href=\"https:\/\/blogg.hivolda.no\/fogtps\/eigne-samlingar\/tekster-i-prosess-022017\/\">16\/2 2017: Tekster i prosess, Vestnes fjordhotell<\/a><\/li>\n<\/ul>\n","protected":false},"excerpt":{"rendered":"<p>Komande samlingar: 2.-3. juni 2022: Skriveseminar, truleg i \u00c5lesundsomr\u00e5det. Gjennomf\u00f8rte samlingar 27-28\/5 2021: Skriveseminar, \u00c5lesund 16\/3 2020: Abstraktseminar: Samarbeid i kommunen &#8211; Korona-avlyst 4-5\/6 2020: Tekster i prosess &#8211; paper til Fjordkonferansen- Korona-avlyst 28\/11 2019: NEON2019 &#8211; Samarbeid i kommunen 24-25\/10 2019: Skriveseminar 12\/3 2019: Tekster i prosess 24\/9 2018: Fagdag: Brukarinvolvering i forsking 16\/11 &hellip; <\/p>\n<p class=\"link-more\"><a href=\"https:\/\/blogg.hivolda.no\/fogtps\/eigne-samlingar\/\" class=\"more-link\">Fortsett \u00e5 lese<span class=\"screen-reader-text\"> \u00abV\u00e5re seminar\u00bb<\/span><\/a><\/p>\n","protected":false},"author":86,"featured_media":0,"parent":0,"menu_order":0,"comment_status":"closed","ping_status":"closed","template":"","meta":{"footnotes":""},"post_mailing_queue_ids":[],"_links":{"self":[{"href":"https:\/\/blogg.hivolda.no\/fogtps\/wp-json\/wp\/v2\/pages\/15"}],"collection":[{"href":"https:\/\/blogg.hivolda.no\/fogtps\/wp-json\/wp\/v2\/pages"}],"about":[{"href":"https:\/\/blogg.hivolda.no\/fogtps\/wp-json\/wp\/v2\/types\/page"}],"author":[{"embeddable":true,"href":"https:\/\/blogg.hivolda.no\/fogtps\/wp-json\/wp\/v2\/users\/86"}],"replies":[{"embeddable":true,"href":"https:\/\/blogg.hivolda.no\/fogtps\/wp-json\/wp\/v2\/comments?post=15"}],"version-history":[{"count":27,"href":"https:\/\/blogg.hivolda.no\/fogtps\/wp-json\/wp\/v2\/pages\/15\/revisions"}],"predecessor-version":[{"id":859,"href":"https:\/\/blogg.hivolda.no\/fogtps\/wp-json\/wp\/v2\/pages\/15\/revisions\/859"}],"wp:attachment":[{"href":"https:\/\/blogg.hivolda.no\/fogtps\/wp-json\/wp\/v2\/media?parent=15"}],"curies":[{"name":"wp","href":"https:\/\/api.w.org\/{rel}","templated":true}]}}

Våre seminar

<h3>Komande samlingar:</h3>
<ul>
<li><a href="https://blogg.hivolda.no/fogtps/skriveseminar-2-3-juni-2022/">2.-3. juni 2022: Skriveseminar, truleg i Ålesundsområdet</a>.</li>
</ul>
<h3>Gjennomførte samlingar</h3>
<ul>
<li><a href="https://blogg.hivolda.no/fogtps/skriveseminar-27-28-5-2021/">27-28/5 2021: Skriveseminar, Ålesund</a></li>
<li>16/3 2020: <a href="https://blogg.hivolda.no/fogtps/eigne-samlingar/tekster-i-prosess-2020-mars/">Abstraktseminar: Samarbeid i kommunen &#8211; Korona-avlyst</a></li>
<li>4-5/6 2020: Tekster i prosess &#8211; paper til Fjordkonferansen- Korona-avlyst</li>
<li><a href="https://blogg.hivolda.no/fogtps/eigne-samlingar/neon-2019-sesjon-3b-og-4b/">28/11 2019: NEON2019 &#8211; Samarbeid i kommunen</a></li>
<li><a href="https://blogg.hivolda.no/fogtps/eigne-samlingar/seminar-24-25-10-2019/">24-25/10 2019: Skriveseminar</a></li>
<li><a href="https://blogg.hivolda.no/fogtps/12-3-2019-tekster-i-prosess/">12/3 2019: Tekster i prosess</a></li>
<li><a href="https://blogg.hivolda.no/fogtps/2018/08/14/invitasjon-til-medforskingsseminar/">24/9 2018: Fagdag: Brukarinvolvering i forsking</a></li>
<li><a href="https://blogg.hivolda.no/fogtps/2018/08/24/sakornsamling/">16/11 2018: Såkornsamling: Idear til forskingsprosjekt</a></li>
<li><a href="https://blogg.hivolda.no/fogtps/2018/02/22/invitasjon-til-tekster-i-prosess-april-2018/">12/4 2018: Tekster i prosess &#8211; Paper til Fjordkonferansen &#8211; Ålesund</a></li>
<li><a href="https://blogg.hivolda.no/fogtps/2018/01/14/invitasjon-til-samling/">8/2 2018: Tekster i prosess &#8211; Idear til Fjordkonferansen &#8211; Ålesund</a></li>
<li><a href="https://blogg.hivolda.no/fogtps/eigne-samlingar/tekster-i-prosess-022017/">16/2 2017: Tekster i prosess, Vestnes fjordhotell</a></li>
</ul>

<p>Komande samlingar: 2.-3. juni 2022: Skriveseminar, truleg i Ålesundsområdet. Gjennomførte samlingar 27-28/5 2021: Skriveseminar, Ålesund 16/3 2020: Abstraktseminar: Samarbeid i kommunen &#8211; Korona-avlyst 4-5/6 2020: Tekster i prosess &#8211; paper til Fjordkonferansen- Korona-avlyst 28/11 2019: NEON2019 &#8211; Samarbeid i kommunen 24-25/10 2019: Skriveseminar 12/3 2019: Tekster i prosess 24/9 2018: Fagdag: Brukarinvolvering i forsking 16/11 &hellip; </p>
<p class="link-more"><a href="https://blogg.hivolda.no/fogtps/eigne-samlingar/" class="more-link">Fortsett å lese<span class="screen-reader-text"> «Våre seminar»</span></a></p>
